**2 + x. Suppose -5*t + 2*t + 6 = 0. Suppose 5 = 5*a + 5*v, a + t*v + 0*v = 3. What are the prime factors of q(a)?
5
Let r = 101 + -31. List the prime factors of r.
2, 5, 7
Let h = 2 - -1. Suppose 3*u + 3*q = 12, -u + h*q + 2*q + 28 = 0. Let c = 26 - u. What are the prime factors of c?
2, 3
Let k be 6/(-9) - (-236)/(-6). Let w = -15 - k. What are the prime factors of w?
5
Suppose 0 = z + z - 36. List the prime factors of (-24)/z*(-6)/4.
2
Let t = -3 + 6. Let s = -9 + 13. Suppose k = t*y + 4*k - 15, y - s*k = 20. What are the prime factors of y?
2
Let n(k) = -k + 3. Let v be n(0). Suppose 0 = v*o - 25 - 2. What are the prime factors of o?
3
Let k(y) = -2*y**3 - 9*y**2 - 11*y + 6. Let n(c) = -c**3 + c**2 + c - 1. Let v(w) = -k(w) + 3*n(w). What are the prime factors of v(13)?
2
Suppose -3*v - 4*o = -95, 5*o + 4 = -5*v + 159. What are the prime factors of v?
29
Suppose -4*k + 32 = -3*k. List the prime factors of k.
2
Let i be (-10 - -1) + (-3 - -3). List the prime factors of (i/(-12))/((-3)/(-72)).
2, 3
Suppose -6*u + 820 = 106. List the prime factors of u.
7, 17
Let a = -20 + 34. What are the prime factors of (-4)/a - (-1404)/63?
2, 11
Let c = 17 + 67. What are the prime factors of c?
2, 3, 7
Suppose -5*v - 176 = -k, -74 = 5*v - 3*v - 4*k. What are the prime factors of (-21)/v + (-27)/(-5)?
2, 3
What are the prime factors of (-4)/(-18) - 19756/(-198)?
2, 5
Let k = 180 + -107. What are the prime factors of k?
73
Suppose g + 3751 = 12*g. What are the prime factors of g?
11, 31
Let h = 148 + -96. List the prime factors of h.
2, 13
Suppose 14*x + 0*x - 1932 = 0. List the prime factors of x.
2, 3, 23
Suppose 5*s - 120 = 150. What are the prime factors of s?
2, 3
Let w = 15 + 3. List the prime factors of w.
2, 3
Let b = 57 + 14. Suppose 5*r - 4 = b. List the prime factors of (27/(-15))/((-3)/r).
3
Suppose 5*w = -5*f - 5, 0*w - w - 5 = -3*f. Let h = 11 + f. What are the prime factors of h?
2, 3
Let p = 104 - 48. What are the prime factors of p?
2, 7
Let k = 31 + -17. What are the prime factors of k?
2, 7
Let m(b) = b**3 - 5*b**2 - 11*b + 6. Let i be m(7). What are the prime factors of (-6)/4*(-72)/i?
2
Suppose 5 + 82 = n. Suppose 0 = 3*c - 4*t - n, 2*c - 138 = -2*c - 2*t. List the prime factors of c.
3, 11
List the prime factors of (5*20)/((-16)/(-8)) + 2.
2, 13
Let z(o) = -o**2 + 17*o + 23. List the prime factors of z(17).
23
Let y be (-13 + 0 + 2)*1. Let k = -6 - y. What are the prime factors of k?
5
Let a(w) be the first derivative of -w**3/3 + 9*w**2/2 + 2*w - 2. Let i be a(9). Let d = 16 - i. What are the prime factors of d?
2, 7
Suppose 0 - 15 = -m. What are the prime factors of m?
3, 5
Suppose 5*a = m - 31, -m + 2*a - 7 = -32. Let r = -11 + m. What are the prime factors of r?
2, 5
Suppose 2*k - 2 = k. List the prime factors of (-43)/(-2) - (-3)/k.
23
Let g(h) = 2*h**2 - 9*h - 8. List the prime factors of g(10).
2, 3, 17
Suppose 5*z - 2*b - 1 + 3 = 0, 3 = -4*z + 3*b. Suppose 11 = -z*f + f. List the prime factors of f.
11
Suppose -2*t = 2*a - 3*t, -2*a + 3*t + 8 = 0. Let p be 1/3 + a/6. Suppose p = h + 1 - 3. List the prime factors of h.
2
Let c = 55 - 46. What are the prime factors of c?
3
Suppose 0 = -2*g + y - 3*y + 96, 3*y + 185 = 4*g. List the prime factors of g.
47
Let o(f) = 14*f**2 + 3*f - 3. List the prime factors of o(2).
59
Suppose -i - 122 = -x, 2*i + 2*i = 3*x - 493. Let c = -86 - i. List the prime factors of c.
41
Suppose 0*j - 12 = -2*j. Let f = j - -3. List the prime factors of f.
3
Let y be 12/15 + (-3)/(-15). List the prime factors of (-8)/(-3 - 1) + y.
3
Let o = -34 - -56. What are the prime factors of o?
2, 11
Suppose 5*k - 23 = -2*a + 18, 5*k - 5*a - 20 = 0. Suppose -i + 2*i - 2*m = 5, -2*m + k = 3*i. Suppose 0 = -i*p - 2*p + 50. List the prime factors of p.
2, 5
Let u(s) = s**3 + 5*s**2 - 5*s - 1. List the prime factors of u(2).
17
Let p(t) be the third derivative of t**5/30 - t**3/3 - 2*t**2. Let b(d) be the first derivative of p(d). What are the prime factors of b(3)?
2, 3
Suppose 0 = -2*u + 3 + 1. Let j(k) = -4*k - 3 - 3*k**3 - 7*k + 8*k**u + 4*k**3. List the prime factors of j(-9).
3, 5
Let z = 13 - 7. Let j(t) = 3*t - 5. List the prime factors of j(z).
13
Let q(w) = w. Let s be (4/10)/((-3)/(-15)). Let y be (-4 - -6) + s/1. What are the prime factors of q(y)?
2
Let l = -8 + 11. Suppose 5*p + 2*r = p + 44, -3*r = -l*p + 42. List the prime factors of p.
2, 3
Let w = 90 + -59. List the prime factors of w.
31
Let n be 652/5 - 2/5. Suppose -2*w - 3*w = -n. What are the prime factors of w?
2, 13
List the prime factors of ((-8)/6)/(3/(-612)).
2, 17
Let i(v) = v**2 - 11*v - 8. Suppose 0 = -5*w + 2*s + 55, -3*w + 8 = -4*s - 39. Let q be i(w). Let r = 40 + q. What are the prime factors of r?
2, 7
Suppose 5*a + 20 = 2*g, -5*a = -6 + 16. Let y = g + 4. Let i = 24 - y. List the prime factors of i.
3, 5
Let d(n) = 5*n + 2. Let p(m) = 14*m + 5. Let w(l) = 11*d(l) - 4*p(l). Let r be w(5). What are the prime factors of r*(-8)/(-30)*-15?
2, 3
Suppose 3*i - 24 = h, -3*i - 5*h = -0*i - 42. Let p = 21 + i. List the prime factors of p.
2, 3, 5
Let d be 90/21 + 2/(-7). Suppose -4*j + 8 = d. What are the prime factors of (-3 + j)*(3 + -4)?
2
Let l(u) = -2*u + 5. Let g be l(4). Let x = 11 - g. Suppose 0 = 3*n + 4*o - 19, 2*n - x = -0*n - 2*o. List the prime factors of n.
3
Let a(o) = -8*o + 4. What are the prime factors of a(-3)?
2, 7
Let t = -83 + 32. Let l = 80 + t. List the prime factors of l.
29
Suppose -78 = -2*j - 0*j - g, 202 = 5*j - g. List the prime factors of j.
2, 5
Suppose -2*r - 294 = -s - 2*s, 2*s = 3*r + 196. List the prime factors of s.
2, 7
Suppose -5*c + 6 = 1. Suppose -d + c = d - z, 5 = -5*z. Suppose 4 = 2*h - d*h. List the prime factors of h.
2
Suppose 0 = -5*s - 0 + 350. Let q = s - 44. List the prime factors of q.
2, 13
Let x = -4 - -46. What are the prime factors of x?
2, 3, 7
Let i = -54 + 55. Let b(r) = -r**2 + 5*r + 2. Let y be b(5). What are the prime factors of i*(y + 7 + -3)?
2, 3
Let s = 90 - 54. Suppose -5*y - 139 = -24. Let x = y + s. List the prime factors of x.
13
Suppose 5*n - 38 = -4*y, -4*y + 0*y + 34 = 3*n. Let j(u) = -u**3 + 7*u**2 + 3*u - 9. List the prime factors of j(y).
2, 3
Suppose -5*i - 2*d + 28 = -6*d, 0 = -i - 2*d. Suppose 0 = -2*k + 16 + 32. Suppose 16 + k = i*r + v, r - v = 10. List the prime factors of r.
2, 5
Let i be (51/(-68))/(1/(-4)). List the prime factors of (-228)/(-18)*i/1.
2, 19
Let n = -63 - -92. What are the prime factors of n?
29
Let a(d) = d**3 - 6*d**2 + 2*d - 9. Let r be a(6). Suppose -4*j + 12 = -5*p, 0 = 2*j - 3*p + 1 - 5. Suppose r*k - j = -k. List the prime factors of k.
2
Let g be (-5 + 2)/((-2)/58). Suppose 0*s + g = 3*s. What are the prime factors of s?
29
Let c(z) = 4*z**2 + 6*z + 1. List the prime factors of c(-4).
41
Let f = 4 + -4. Suppose n - 7 - 5 = -b, f = b. List the prime factors of n.
2, 3
Let t(b) = -10*b**2 + 8*b + 6. Let z(k) = 7*k**2 - 5*k - 4. Let u(j) = 5*t(j) + 7*z(j). What are the prime factors of u(5)?
2
Suppose 84*d + 332 = 88*d. List the prime factors of d.
83
Suppose z = 2*z - 3. Suppose -20 - 20 = -5*c + z*a, -c = 2*a - 21. What are the prime factors of c?
11
Let a = -2 + 1. What are the prime factors of 0 - a - (-13 - 0)?
2, 7
Suppose -3*k - o + 57 + 56 = 0, -2*k + 52 = -4*o. List the prime factors of (-154)/(-12) - (-6)/k.
13
Suppose 7*r = 4*r + 3*q + 117, 2*q + 158 = 4*r. Let m(n) = 2*n**3 - 3*n**2 + 2*n - 3. Let g be m(2). Suppose 0*b - r = -g*b. List the prime factors of b.
2
Let d(t) = -6*t**3 + 4*t**2 - t - 49. Let f(u) = 5*u**3 - 3*u**2 + u + 50. Let m(n) = 4*d(n) + 5*f(n). What are the prime factors of m(0)?
2, 3
Suppose -19 = -2*x + 4*d + 1, d + 5 = -5*x. Let v be 24/10*(3 + 2). Suppose -3*w + v = -x*w. What are the prime factors of w?
2
List the prime factors of (-390)/(-4) + -3*(-6)/12.
3, 11
Let c(p) be the second derivative of p**4/12 + 3*p**3/2 + 6*p**2 - 5*p. List the prime factors of c(-8).
2
Let c(m) = -10*m - 8. List the prime factors of c(-7).
2, 31
Suppose 5*f - 5 = -3*k + 11, -5*k + 18 = 4*f. Suppose k*h = 3*h - 27. List the prime factors of h.
3
Let w(k) = -k - 3*k + 7 + 6*k. List the prime factors of w(6).
19
Suppose 0 = 5*q - 2*r + 6, 0 = -3*q + 3*r - 6 - 3. What are the prime factors of (-1 + 0)*-5 + q?
5
Suppose 3*p -